{"id":425,"date":"2024-08-16T17:20:25","date_gmt":"2024-08-16T17:20:25","guid":{"rendered":"https:\/\/luminicled.com\/?post_type=product&#038;p=425"},"modified":"2024-11-04T23:22:34","modified_gmt":"2024-11-04T23:22:34","slug":"candil-de-led-dayirat-kabira-32w-leon-ilumincion","status":"publish","type":"product","link":"https:\/\/iluminacionisledeb.com\/?product=candil-de-led-dayirat-kabira-32w-leon-ilumincion","title":{"rendered":"Candil de Led DAYIRAT KABIRA 32w Leon Ilumincion"},"content":{"rendered":"<p>Dise\u00f1o moderno con iluminaci\u00f3n LED, dimeables en tres tonos de luz controla la intensidad y tono a tu elecci\u00f3n, combinaci\u00f3n de dise\u00f1os exclusivos con los m\u00e1s altos est\u00e1ndares calidad, produce un ambiente \u00fanico, moderno y adecuado para cualquier \u00e1rea del hogar u oficina.<\/p>\n<p>La iluminaci\u00f3n led est\u00e1 a favor de la ecolog\u00eda ya que es un potente ahorrador de energ\u00eda, hasta un 80%, menos de consumo de luz comparado con una bombilla incandescente tradicional.<\/p>\n<p>Con nuestros candiles generaras una atmosfera con un estilo sofisticado cada uno de nuestros dise\u00f1os son delicadamente pensados en estilos modernos y elegantes.<\/p>\n<p>Somos la empresa con mayor innovaci\u00f3n y potencia en iluminaci\u00f3n ya que todos nuestros dise\u00f1os est\u00e1n creados en tama\u00f1o m\u00e1s grande ideal as\u00ed para lucir e iluminar cada espacio.<br \/>\nTemperatura de color: 3,000\u00b0K A 6,000\u00b0K<br \/>\nVoltaje: 110V \/ 220V<br \/>\nPotencia 32 W LED<br \/>\nMaterial Aluminio + Metal + ABS<br \/>\nMedidas:<br \/>\nDi\u00e1metro Lampara:60CM<br \/>\nAlto Lampara: 11CM<br \/>\nAncho Lampara 6.5 CM<br \/>\nDi\u00e1metro base 23 CM<br \/>\nAlto Base:7CM<br \/>\nAltura M\u00e1xima (Ajustable) 1 M<br \/>\nPeso 3 KG<\/p>\n<p><img loading=\"lazy\" decoding=\"async\" class=\"size-full wp-image-1047 aligncenter\" src=\"https:\/\/leoniluminacion.mx\/wp-content\/uploads\/2023\/03\/gd.png\" alt=\"\" width=\"450\" height=\"650\" \/><\/p>\n","protected":false},"excerpt":{"rendered":"<p>Dise\u00f1o moderno con iluminaci\u00f3n LED, dimeables en tres tonos de luz controla la intensidad y tono a tu elecci\u00f3n, combinaci\u00f3n de dise\u00f1os exclusivos con los m\u00e1s altos est\u00e1ndares calidad, produce un ambiente \u00fanico, moderno y adecuado para cualquier \u00e1rea del hogar u oficina. La iluminaci\u00f3n led est\u00e1 a favor de la ecolog\u00eda ya que es [&hellip;]<\/p>\n","protected":false},"featured_media":580,"comment_status":"open","ping_status":"closed","template":"","meta":[],"product_brand":[],"product_cat":[19],"product_tag":[110,24,111,112,113,114,115,32],"class_list":{"0":"post-425","1":"product","2":"type-product","3":"status-publish","4":"has-post-thumbnail","6":"product_cat-candiles-led","7":"product_tag-32w-candil-led-demeable","8":"product_tag-birot","9":"product_tag-candil","10":"product_tag-candil-dayirat-kabira-32w","11":"product_tag-candil-demeable-32w","12":"product_tag-candil-led-32w","13":"product_tag-limunic","14":"product_tag-luxica","16":"first","17":"instock","18":"sale","19":"shipping-taxable","20":"purchasable","21":"product-type-simple"},"_links":{"self":[{"href":"https:\/\/iluminacionisledeb.com\/index.php?rest_route=\/wp\/v2\/product\/425","targetHints":{"allow":["GET"]}}],"collection":[{"href":"https:\/\/iluminacionisledeb.com\/index.php?rest_route=\/wp\/v2\/product"}],"about":[{"href":"https:\/\/iluminacionisledeb.com\/index.php?rest_route=\/wp\/v2\/types\/product"}],"replies":[{"embeddable":true,"href":"https:\/\/iluminacionisledeb.com\/index.php?rest_route=%2Fwp%2Fv2%2Fcomments&post=425"}],"wp:featuredmedia":[{"embeddable":true,"href":"https:\/\/iluminacionisledeb.com\/index.php?rest_route=\/wp\/v2\/media\/580"}],"wp:attachment":[{"href":"https:\/\/iluminacionisledeb.com\/index.php?rest_route=%2Fwp%2Fv2%2Fmedia&parent=425"}],"wp:term":[{"taxonomy":"product_brand","embeddable":true,"href":"https:\/\/iluminacionisledeb.com\/index.php?rest_route=%2Fwp%2Fv2%2Fproduct_brand&post=425"},{"taxonomy":"product_cat","embeddable":true,"href":"https:\/\/iluminacionisledeb.com\/index.php?rest_route=%2Fwp%2Fv2%2Fproduct_cat&post=425"},{"taxonomy":"product_tag","embeddable":true,"href":"https:\/\/iluminacionisledeb.com\/index.php?rest_route=%2Fwp%2Fv2%2Fproduct_tag&post=425"}],"curies":[{"name":"wp","href":"https:\/\/api.w.org\/{rel}","templated":true}]}}